{"id":8,"date":"2023-04-06T08:29:16","date_gmt":"2023-04-06T11:29:16","guid":{"rendered":"https:\/\/www.atitudedesentupidora.com.br\/site\/?page_id=8"},"modified":"2024-03-20T22:34:47","modified_gmt":"2024-03-21T01:34:47","slug":"home","status":"publish","type":"page","link":"https:\/\/www.atitudedesentupidora.com.br\/site\/","title":{"rendered":"Home"},"content":{"rendered":"<section class=\"wpb-content-wrapper\"><p>[vc_row row_type=&#8221;1&#8243; animate=&#8221;&#8221;][vc_column css=&#8221;.vc_custom_1680784747781{margin-top: 0px !important;margin-right: 0px !important;margin-bottom: 0px !important;margin-left: 0px !important;border-top-width: 0px !important;border-right-width: 0px !important;border-bottom-width: 0px !important;border-left-width: 0px !important;padding-top: 0px !important;padding-right: 0px !important;padding-bottom: 0px !important;padding-left: 0px !important;}&#8221;][rev_slider_vc alias=&#8221;topdesentupidora&#8221;][\/vc_column][\/vc_row][vc_row][vc_column css=&#8221;.vc_custom_1680785081662{margin-top: 0px !important;margin-right: 0px !important;margin-bottom: 0px !important;margin-left: 0px !important;border-top-width: 0px !important;border-right-width: 0px !important;border-bottom-width: 0px !important;border-left-width: 0px !important;padding-top: 0px !important;padding-right: 0px !important;padding-bottom: 0px !important;padding-left: 0px !important;}&#8221;]<hr class=\"vertical-space2\">[vc_custom_heading text=&#8221;Nossos <strong>Servi\u00e7os<\/strong>&#8221; font_container=&#8221;tag:h2|text_align:center&#8221; use_theme_fonts=&#8221;yes&#8221;][vc_separator color=&#8221;custom&#8221; border_width=&#8221;5&#8243; accent_color=&#8221;#2856a7&#8243; css=&#8221;.vc_custom_1706879526768{margin-top: 0px !important;margin-bottom: 0px !important;border-top-width: 0px !important;border-bottom-width: 0px !important;padding-top: 0px !important;padding-bottom: 0px !important;}&#8221;][vc_column_text css=&#8221;.vc_custom_1710984883670{margin-top: 0px !important;margin-right: 0px !important;margin-bottom: 0px !important;margin-left: 0px !important;border-top-width: 0px !important;border-right-width: 0px !important;border-bottom-width: 0px !important;border-left-width: 0px !important;padding-top: 20px !important;padding-right: 0px !important;padding-bottom: 0px !important;padding-left: 0px !important;}&#8221;]<\/p>\n<h5 style=\"text-align: center;\">A Atitude Desentupidora \u00e9 especializada em solucionar problemas relacionados a entupimentos em diferentes \u00e1reas, como resid\u00eancias, com\u00e9rcios e ind\u00fastrias.<\/h5>\n<p>[\/vc_column_text][\/vc_column][\/vc_row][vc_row row_type=&#8221;2&#8243; animate=&#8221;&#8221; blox_padding_top=&#8221;0&#8243; blox_padding_bottom=&#8221;0&#8243; blox_bgcolor=&#8221;#ffffff&#8221;][vc_column width=&#8221;1\/4&#8243;][vc_single_image image=&#8221;186&#8243; img_size=&#8221;full&#8221; alignment=&#8221;center&#8221; style=&#8221;vc_box_rounded&#8221; onclick=&#8221;custom_link&#8221; link=&#8221;https:\/\/www.atitudedesentupidora.com.br\/site\/servicos\/desentupimentos-de-pias\/&#8221;][vc_custom_heading text=&#8221;<strong>Desentupimento de Pias<\/strong>&#8221; font_container=&#8221;tag:h6|font_size:14|text_align:center|color:%23253c8a&#8221; use_theme_fonts=&#8221;yes&#8221; css=&#8221;.vc_custom_1682688479487{margin-top: 0px !important;margin-right: 0px !important;margin-bottom: 0px !important;margin-left: 0px !important;border-top-width: 0px !important;border-right-width: 0px !important;border-bottom-width: 0px !important;border-left-width: 0px !important;padding-top: 15px !important;padding-right: 0px !important;padding-bottom: 15px !important;padding-left: 0px !important;}&#8221;][\/vc_column][vc_column width=&#8221;1\/4&#8243;][vc_single_image image=&#8221;205&#8243; img_size=&#8221;full&#8221; alignment=&#8221;center&#8221; style=&#8221;vc_box_rounded&#8221; onclick=&#8221;custom_link&#8221; link=&#8221;https:\/\/www.atitudedesentupidora.com.br\/site\/servicos\/desentupimento-de-ralo\/&#8221;][vc_custom_heading text=&#8221;<strong>Desentupimento de Ralos<\/strong>&#8221; font_container=&#8221;tag:h6|font_size:14|text_align:center|color:%23253c8a&#8221; use_theme_fonts=&#8221;yes&#8221; css=&#8221;.vc_custom_1682688474066{margin-top: 0px !important;margin-right: 0px !important;margin-bottom: 0px !important;margin-left: 0px !important;border-top-width: 0px !important;border-right-width: 0px !important;border-bottom-width: 0px !important;border-left-width: 0px !important;padding-top: 15px !important;padding-right: 0px !important;padding-bottom: 15px !important;padding-left: 0px !important;}&#8221;][\/vc_column][vc_column width=&#8221;1\/4&#8243;][vc_single_image image=&#8221;206&#8243; img_size=&#8221;full&#8221; alignment=&#8221;center&#8221; style=&#8221;vc_box_rounded&#8221; onclick=&#8221;custom_link&#8221; link=&#8221;https:\/\/www.atitudedesentupidora.com.br\/site\/servicos\/desentupimento-de-vaso-sanitario\/&#8221;][vc_custom_heading text=&#8221;<strong>Desentupimento de Vaso Sanit\u00e1rios<\/strong>&#8221; font_container=&#8221;tag:h6|font_size:14|text_align:center|color:%23253c8a&#8221; use_theme_fonts=&#8221;yes&#8221; css=&#8221;.vc_custom_1682688460097{margin-top: 0px !important;margin-right: 0px !important;margin-bottom: 0px !important;margin-left: 0px !important;border-top-width: 0px !important;border-right-width: 0px !important;border-bottom-width: 0px !important;border-left-width: 0px !important;padding-top: 15px !important;padding-right: 0px !important;padding-bottom: 15px !important;padding-left: 0px !important;}&#8221;][\/vc_column][vc_column width=&#8221;1\/4&#8243;][vc_single_image image=&#8221;197&#8243; img_size=&#8221;full&#8221; alignment=&#8221;center&#8221; style=&#8221;vc_box_rounded&#8221; onclick=&#8221;custom_link&#8221; link=&#8221;https:\/\/www.atitudedesentupidora.com.br\/site\/servicos\/desentupimento-de-rede-de-esgoto\/&#8221;][vc_custom_heading text=&#8221;<strong>Desentupimento de Rede de Esgoto<\/strong>&#8221; font_container=&#8221;tag:h6|font_size:14|text_align:center|color:%23253c8a&#8221; use_theme_fonts=&#8221;yes&#8221; css=&#8221;.vc_custom_1682688485074{margin-top: 0px !important;margin-right: 0px !important;margin-bottom: 0px !important;margin-left: 0px !important;border-top-width: 0px !important;border-right-width: 0px !important;border-bottom-width: 0px !important;border-left-width: 0px !important;padding-top: 15px !important;padding-right: 0px !important;padding-bottom: 15px !important;padding-left: 0px !important;}&#8221;][\/vc_column][\/vc_row][vc_row row_type=&#8221;2&#8243; animate=&#8221;&#8221; blox_padding_top=&#8221;0&#8243; blox_padding_bottom=&#8221;0&#8243; blox_bgcolor=&#8221;#ffffff&#8221;][vc_column width=&#8221;1\/4&#8243;][vc_single_image image=&#8221;181&#8243; img_size=&#8221;full&#8221; alignment=&#8221;center&#8221; style=&#8221;vc_box_rounded&#8221; onclick=&#8221;custom_link&#8221; link=&#8221;https:\/\/www.atitudedesentupidora.com.br\/site\/servicos\/limpeza-de-fossas\/&#8221;][vc_custom_heading text=&#8221;<strong>Limpeza de fossas<\/strong>&#8221; font_container=&#8221;tag:h6|font_size:14|text_align:center|color:%23253c8a&#8221; use_theme_fonts=&#8221;yes&#8221; css=&#8221;.vc_custom_1682688490562{margin-top: 0px !important;margin-right: 0px !important;margin-bottom: 0px !important;margin-left: 0px !important;border-top-width: 0px !important;border-right-width: 0px !important;border-bottom-width: 0px !important;border-left-width: 0px !important;padding-top: 15px !important;padding-right: 0px !important;padding-bottom: 15px !important;padding-left: 0px !important;}&#8221;][\/vc_column][vc_column width=&#8221;1\/4&#8243;][vc_single_image image=&#8221;176&#8243; img_size=&#8221;full&#8221; alignment=&#8221;center&#8221; style=&#8221;vc_box_rounded&#8221; onclick=&#8221;custom_link&#8221; link=&#8221;https:\/\/www.atitudedesentupidora.com.br\/site\/servicos\/limpeza-de-caixas-de-gordura\/&#8221;][vc_custom_heading text=&#8221;<strong>Limpeza de caixas de gordura<\/strong>&#8221; font_container=&#8221;tag:h6|font_size:14|text_align:center|color:%23253c8a&#8221; use_theme_fonts=&#8221;yes&#8221; css=&#8221;.vc_custom_1682688497533{margin-top: 0px !important;margin-right: 0px !important;margin-bottom: 0px !important;margin-left: 0px !important;border-top-width: 0px !important;border-right-width: 0px !important;border-bottom-width: 0px !important;border-left-width: 0px !important;padding-top: 15px !important;padding-right: 0px !important;padding-bottom: 15px !important;padding-left: 0px !important;}&#8221;][\/vc_column][vc_column width=&#8221;1\/4&#8243;][vc_single_image image=&#8221;178&#8243; img_size=&#8221;full&#8221; alignment=&#8221;center&#8221; style=&#8221;vc_box_rounded&#8221; onclick=&#8221;custom_link&#8221; link=&#8221;https:\/\/www.atitudedesentupidora.com.br\/site\/servicos\/hidrojateamento\/&#8221;][vc_custom_heading text=&#8221;<strong>Hidrojateamento<\/strong>&#8221; font_container=&#8221;tag:h6|font_size:14|text_align:center|color:%23253c8a&#8221; use_theme_fonts=&#8221;yes&#8221; css=&#8221;.vc_custom_1682688504937{margin-top: 0px !important;margin-right: 0px !important;margin-bottom: 0px !important;margin-left: 0px !important;border-top-width: 0px !important;border-right-width: 0px !important;border-bottom-width: 0px !important;border-left-width: 0px !important;padding-top: 15px !important;padding-right: 0px !important;padding-bottom: 15px !important;padding-left: 0px !important;}&#8221;][\/vc_column][vc_column width=&#8221;1\/4&#8243;][\/vc_column][\/vc_row][vc_row row_type=&#8221;2&#8243; animate=&#8221;&#8221; blox_padding_top=&#8221;20&#8243; blox_padding_bottom=&#8221;20&#8243; blox_dark=&#8221;true&#8221; blox_bgcolor=&#8221;#2856a7&#8243;][vc_column][vc_column_text]<\/p>\n<h5 style=\"text-align: center;\">\u00c9 importante lembrar que os servi\u00e7os de uma desentupidora devem ser realizados por profissionais capacitados e com equipamentos adequados, garantindo a seguran\u00e7a e a efici\u00eancia na solu\u00e7\u00e3o dos problemas.<\/h5>\n<p>[\/vc_column_text][\/vc_column][\/vc_row]<\/p>\n<\/section>","protected":false},"excerpt":{"rendered":"<p>[vc_row row_type=&#8221;1&#8243; animate=&#8221;&#8221;][vc_column css=&#8221;.vc_custom_1680784747781{margin-top: 0px !important;margin-right: 0px !important;margin-bottom: 0px !important;margin-left: 0px !important;border-top-width: 0px !important;border-right-width: 0px !important;border-bottom-width: 0px !important;border-left-width: 0px !important;padding-top: 0px !important;padding-right: 0px !important;padding-bottom: 0px !important;padding-left: 0px !important;}&#8221;][rev_slider_vc alias=&#8221;topdesentupidora&#8221;][\/vc_column][\/vc_row][vc_row][vc_column css=&#8221;.vc_custom_1680785081662{margin-top: 0px !important;margin-right: 0px !important;margin-bottom: 0px !important;margin-left: 0px !important;border-top-width: 0px !important;border-right-width: 0px !important;border-bottom-width: 0px !important;border-left-width: 0px !important;padding-top: 0px !important;padding-right: 0px !important;padding-bottom: 0px !important;padding-left: 0px !important;}&#8221;][vc_custom_heading text=&#8221;Nossos Servi\u00e7os&#8221; font_container=&#8221;tag:h2|text_align:center&#8221; use_theme_fonts=&#8221;yes&#8221;][vc_separator color=&#8221;custom&#8221; border_width=&#8221;5&#8243; accent_color=&#8221;#2856a7&#8243; css=&#8221;.vc_custom_1706879526768{margin-top: 0px !important;margin-bottom: 0px !important;border-top-width: 0px !important;border-bottom-width: 0px !important;padding-top: 0px !important;padding-bottom: 0px !important;}&#8221;][vc_column_text css=&#8221;.vc_custom_1710984883670{margin-top: 0px !important;margin-right: 0px !important;margin-bottom: 0px !important;margin-left: 0px !important;border-top-width: 0px !important;border-right-width: 0px !important;border-bottom-width: 0px !important;border-left-width: 0px !important;padding-top: 20px !important;padding-right: 0px !important;padding-bottom: 0px !important;padding-left: 0px !important;}&#8221;] A Atitude Desentupidora \u00e9 especializada em solucionar problemas relacionados a entupimentos em diferentes \u00e1reas, como resid\u00eancias, com\u00e9rcios e ind\u00fastrias. [\/vc_column_text][\/vc_column][\/vc_row][vc_row row_type=&#8221;2&#8243; animate=&#8221;&#8221; blox_padding_top=&#8221;0&#8243; blox_padding_bottom=&#8221;0&#8243; blox_bgcolor=&#8221;#ffffff&#8221;][vc_column width=&#8221;1\/4&#8243;][vc_single_image image=&#8221;186&#8243; img_size=&#8221;full&#8221; alignment=&#8221;center&#8221; style=&#8221;vc_box_rounded&#8221; onclick=&#8221;custom_link&#8221; link=&#8221;https:\/\/www.atitudedesentupidora.com.br\/site\/servicos\/desentupimentos-de-pias\/&#8221;][vc_custom_heading text=&#8221;Desentupimento de Pias&#8221; font_container=&#8221;tag:h6|font_size:14|text_align:center|color:%23253c8a&#8221; use_theme_fonts=&#8221;yes&#8221; css=&#8221;.vc_custom_1682688479487{margin-top: 0px !important;margin-right: 0px !important;margin-bottom: 0px !important;margin-left: 0px !important;border-top-width: 0px !important;border-right-width: 0px !important;border-bottom-width: 0px !important;border-left-width: 0px !important;padding-top: 15px !important;padding-right: 0px !important;padding-bottom: 15px !important;padding-left: 0px !important;}&#8221;][\/vc_column][vc_column width=&#8221;1\/4&#8243;][vc_single_image image=&#8221;205&#8243; img_size=&#8221;full&#8221; alignment=&#8221;center&#8221; style=&#8221;vc_box_rounded&#8221; onclick=&#8221;custom_link&#8221; link=&#8221;https:\/\/www.atitudedesentupidora.com.br\/site\/servicos\/desentupimento-de-ralo\/&#8221;][vc_custom_heading text=&#8221;Desentupimento de Ralos&#8221; font_container=&#8221;tag:h6|font_size:14|text_align:center|color:%23253c8a&#8221; use_theme_fonts=&#8221;yes&#8221; css=&#8221;.vc_custom_1682688474066{margin-top: 0px !important;margin-right: 0px !important;margin-bottom: 0px !important;margin-left: 0px !important;border-top-width: 0px !important;border-right-width: 0px !important;border-bottom-width: 0px !important;border-left-width: 0px !important;padding-top: 15px !important;padding-right: 0px !important;padding-bottom: 15px !important;padding-left: 0px !important;}&#8221;][\/vc_column][vc_column width=&#8221;1\/4&#8243;][vc_single_image image=&#8221;206&#8243; img_size=&#8221;full&#8221; alignment=&#8221;center&#8221; style=&#8221;vc_box_rounded&#8221; onclick=&#8221;custom_link&#8221; link=&#8221;https:\/\/www.atitudedesentupidora.com.br\/site\/servicos\/desentupimento-de-vaso-sanitario\/&#8221;][vc_custom_heading text=&#8221;Desentupimento de Vaso Sanit\u00e1rios&#8221; font_container=&#8221;tag:h6|font_size:14|text_align:center|color:%23253c8a&#8221; use_theme_fonts=&#8221;yes&#8221; css=&#8221;.vc_custom_1682688460097{margin-top: 0px !important;margin-right: 0px !important;margin-bottom: 0px !important;margin-left: 0px !important;border-top-width: 0px !important;border-right-width: 0px !important;border-bottom-width: 0px !important;border-left-width: 0px !important;padding-top: 15px !important;padding-right: 0px !important;padding-bottom: 15px !important;padding-left: 0px !important;}&#8221;][\/vc_column][vc_column width=&#8221;1\/4&#8243;][vc_single_image image=&#8221;197&#8243; img_size=&#8221;full&#8221; alignment=&#8221;center&#8221; style=&#8221;vc_box_rounded&#8221; onclick=&#8221;custom_link&#8221; link=&#8221;https:\/\/www.atitudedesentupidora.com.br\/site\/servicos\/desentupimento-de-rede-de-esgoto\/&#8221;][vc_custom_heading text=&#8221;Desentupimento de Rede de Esgoto&#8221; font_container=&#8221;tag:h6|font_size:14|text_align:center|color:%23253c8a&#8221; use_theme_fonts=&#8221;yes&#8221; css=&#8221;.vc_custom_1682688485074{margin-top: 0px !important;margin-right: 0px !important;margin-bottom: 0px !important;margin-left: 0px !important;border-top-width: 0px !important;border-right-width: 0px !important;border-bottom-width: 0px !important;border-left-width: 0px !important;padding-top: 15px !important;padding-right: 0px !important;padding-bottom: 15px !important;padding-left: 0px !important;}&#8221;][\/vc_column][\/vc_row][vc_row row_type=&#8221;2&#8243; animate=&#8221;&#8221; blox_padding_top=&#8221;0&#8243; blox_padding_bottom=&#8221;0&#8243; blox_bgcolor=&#8221;#ffffff&#8221;][vc_column width=&#8221;1\/4&#8243;][vc_single_image image=&#8221;181&#8243; img_size=&#8221;full&#8221; alignment=&#8221;center&#8221; style=&#8221;vc_box_rounded&#8221; onclick=&#8221;custom_link&#8221; link=&#8221;https:\/\/www.atitudedesentupidora.com.br\/site\/servicos\/limpeza-de-fossas\/&#8221;][vc_custom_heading text=&#8221;Limpeza de fossas&#8221; font_container=&#8221;tag:h6|font_size:14|text_align:center|color:%23253c8a&#8221; use_theme_fonts=&#8221;yes&#8221; css=&#8221;.vc_custom_1682688490562{margin-top: 0px !important;margin-right: 0px !important;margin-bottom: 0px !important;margin-left: 0px&#8230; <\/p>\n<p><a class=\"readmore\" href=\"https:\/\/www.atitudedesentupidora.com.br\/site\/\">Continue Reading<\/a><\/p>\n","protected":false},"author":1,"featured_media":0,"parent":0,"menu_order":0,"comment_status":"closed","ping_status":"closed","template":"","meta":{"footnotes":""},"class_list":["post-8","page","type-page","status-publish","hentry"],"yoast_head":"<!-- This site is optimized with the Yoast SEO plugin v27.3 - https:\/\/yoast.com\/product\/yoast-seo-wordpress\/ -->\n<title>Home - Atitude<\/title>\n<meta name=\"description\" content=\"Desentupidora de Vaso Sanit\u00e1rio, Pias, Ralos, Esgoto. Precisou \u00e9 s\u00f3 chamar a Atitude. Solicite-nos um or\u00e7amento sem compromisso, vamos at\u00e9 a sua casa e avaliamos o problema.Limpeza de Caixa de Gordura, Fossa. Somos especializados em servi\u00e7os de Desentupimento.\" \/>\n<meta name=\"robots\" content=\"index, follow, max-snippet:-1, max-image-preview:large, max-video-preview:-1\" \/>\n<link rel=\"canonical\" href=\"https:\/\/www.atitudedesentupidora.com.br\/site\/\" \/>\n<meta property=\"og:locale\" content=\"pt_BR\" \/>\n<meta property=\"og:type\" content=\"article\" \/>\n<meta property=\"og:title\" content=\"Home - Atitude\" \/>\n<meta property=\"og:description\" content=\"Desentupidora de Vaso Sanit\u00e1rio, Pias, Ralos, Esgoto. Precisou \u00e9 s\u00f3 chamar a Atitude. Solicite-nos um or\u00e7amento sem compromisso, vamos at\u00e9 a sua casa e avaliamos o problema.Limpeza de Caixa de Gordura, Fossa. Somos especializados em servi\u00e7os de Desentupimento.\" \/>\n<meta property=\"og:url\" content=\"https:\/\/www.atitudedesentupidora.com.br\/site\/\" \/>\n<meta property=\"og:site_name\" content=\"Atitude\" \/>\n<meta property=\"article:publisher\" content=\"https:\/\/www.facebook.com\/atitudedesentupidora\" \/>\n<meta property=\"article:modified_time\" content=\"2024-03-21T01:34:47+00:00\" \/>\n<meta name=\"twitter:card\" content=\"summary_large_image\" \/>\n<meta name=\"twitter:label1\" content=\"Est. tempo de leitura\" \/>\n\t<meta name=\"twitter:data1\" content=\"5 minutos\" \/>\n<script type=\"application\/ld+json\" class=\"yoast-schema-graph\">{\"@context\":\"https:\\\/\\\/schema.org\",\"@graph\":[{\"@type\":\"WebPage\",\"@id\":\"https:\\\/\\\/www.atitudedesentupidora.com.br\\\/site\\\/\",\"url\":\"https:\\\/\\\/www.atitudedesentupidora.com.br\\\/site\\\/\",\"name\":\"Home - Atitude\",\"isPartOf\":{\"@id\":\"https:\\\/\\\/www.atitudedesentupidora.com.br\\\/site\\\/#website\"},\"datePublished\":\"2023-04-06T11:29:16+00:00\",\"dateModified\":\"2024-03-21T01:34:47+00:00\",\"description\":\"Desentupidora de Vaso Sanit\u00e1rio, Pias, Ralos, Esgoto. Precisou \u00e9 s\u00f3 chamar a Atitude. Solicite-nos um or\u00e7amento sem compromisso, vamos at\u00e9 a sua casa e avaliamos o problema.Limpeza de Caixa de Gordura, Fossa. Somos especializados em servi\u00e7os de Desentupimento.\",\"breadcrumb\":{\"@id\":\"https:\\\/\\\/www.atitudedesentupidora.com.br\\\/site\\\/#breadcrumb\"},\"inLanguage\":\"pt-BR\",\"potentialAction\":[{\"@type\":\"ReadAction\",\"target\":[\"https:\\\/\\\/www.atitudedesentupidora.com.br\\\/site\\\/\"]}]},{\"@type\":\"BreadcrumbList\",\"@id\":\"https:\\\/\\\/www.atitudedesentupidora.com.br\\\/site\\\/#breadcrumb\",\"itemListElement\":[{\"@type\":\"ListItem\",\"position\":1,\"name\":\"In\u00edcio\",\"item\":\"https:\\\/\\\/www.atitudedesentupidora.com.br\\\/site\\\/\"},{\"@type\":\"ListItem\",\"position\":2,\"name\":\"Home\"}]},{\"@type\":\"WebSite\",\"@id\":\"https:\\\/\\\/www.atitudedesentupidora.com.br\\\/site\\\/#website\",\"url\":\"https:\\\/\\\/www.atitudedesentupidora.com.br\\\/site\\\/\",\"name\":\"Atitude Desentupidora\",\"description\":\"Desentupidora 24h\",\"publisher\":{\"@id\":\"https:\\\/\\\/www.atitudedesentupidora.com.br\\\/site\\\/#organization\"},\"potentialAction\":[{\"@type\":\"SearchAction\",\"target\":{\"@type\":\"EntryPoint\",\"urlTemplate\":\"https:\\\/\\\/www.atitudedesentupidora.com.br\\\/site\\\/?s={search_term_string}\"},\"query-input\":{\"@type\":\"PropertyValueSpecification\",\"valueRequired\":true,\"valueName\":\"search_term_string\"}}],\"inLanguage\":\"pt-BR\"},{\"@type\":\"Organization\",\"@id\":\"https:\\\/\\\/www.atitudedesentupidora.com.br\\\/site\\\/#organization\",\"name\":\"Desentupidora 24 horas\",\"url\":\"https:\\\/\\\/www.atitudedesentupidora.com.br\\\/site\\\/\",\"logo\":{\"@type\":\"ImageObject\",\"inLanguage\":\"pt-BR\",\"@id\":\"https:\\\/\\\/www.atitudedesentupidora.com.br\\\/site\\\/#\\\/schema\\\/logo\\\/image\\\/\",\"url\":\"https:\\\/\\\/www.atitudedesentupidora.com.br\\\/site\\\/wp-content\\\/uploads\\\/2024\\\/02\\\/logo.png\",\"contentUrl\":\"https:\\\/\\\/www.atitudedesentupidora.com.br\\\/site\\\/wp-content\\\/uploads\\\/2024\\\/02\\\/logo.png\",\"width\":358,\"height\":135,\"caption\":\"Desentupidora 24 horas\"},\"image\":{\"@id\":\"https:\\\/\\\/www.atitudedesentupidora.com.br\\\/site\\\/#\\\/schema\\\/logo\\\/image\\\/\"},\"sameAs\":[\"https:\\\/\\\/www.facebook.com\\\/atitudedesentupidora\",\"https:\\\/\\\/www.instagram.com\\\/atitudedesentupidora\"]}]}<\/script>\n<!-- \/ Yoast SEO plugin. -->","yoast_head_json":{"title":"Home - Atitude","description":"Desentupidora de Vaso Sanit\u00e1rio, Pias, Ralos, Esgoto. Precisou \u00e9 s\u00f3 chamar a Atitude. Solicite-nos um or\u00e7amento sem compromisso, vamos at\u00e9 a sua casa e avaliamos o problema.Limpeza de Caixa de Gordura, Fossa. Somos especializados em servi\u00e7os de Desentupimento.","robots":{"index":"index","follow":"follow","max-snippet":"max-snippet:-1","max-image-preview":"max-image-preview:large","max-video-preview":"max-video-preview:-1"},"canonical":"https:\/\/www.atitudedesentupidora.com.br\/site\/","og_locale":"pt_BR","og_type":"article","og_title":"Home - Atitude","og_description":"Desentupidora de Vaso Sanit\u00e1rio, Pias, Ralos, Esgoto. Precisou \u00e9 s\u00f3 chamar a Atitude. Solicite-nos um or\u00e7amento sem compromisso, vamos at\u00e9 a sua casa e avaliamos o problema.Limpeza de Caixa de Gordura, Fossa. Somos especializados em servi\u00e7os de Desentupimento.","og_url":"https:\/\/www.atitudedesentupidora.com.br\/site\/","og_site_name":"Atitude","article_publisher":"https:\/\/www.facebook.com\/atitudedesentupidora","article_modified_time":"2024-03-21T01:34:47+00:00","twitter_card":"summary_large_image","twitter_misc":{"Est. tempo de leitura":"5 minutos"},"schema":{"@context":"https:\/\/schema.org","@graph":[{"@type":"WebPage","@id":"https:\/\/www.atitudedesentupidora.com.br\/site\/","url":"https:\/\/www.atitudedesentupidora.com.br\/site\/","name":"Home - Atitude","isPartOf":{"@id":"https:\/\/www.atitudedesentupidora.com.br\/site\/#website"},"datePublished":"2023-04-06T11:29:16+00:00","dateModified":"2024-03-21T01:34:47+00:00","description":"Desentupidora de Vaso Sanit\u00e1rio, Pias, Ralos, Esgoto. Precisou \u00e9 s\u00f3 chamar a Atitude. Solicite-nos um or\u00e7amento sem compromisso, vamos at\u00e9 a sua casa e avaliamos o problema.Limpeza de Caixa de Gordura, Fossa. Somos especializados em servi\u00e7os de Desentupimento.","breadcrumb":{"@id":"https:\/\/www.atitudedesentupidora.com.br\/site\/#breadcrumb"},"inLanguage":"pt-BR","potentialAction":[{"@type":"ReadAction","target":["https:\/\/www.atitudedesentupidora.com.br\/site\/"]}]},{"@type":"BreadcrumbList","@id":"https:\/\/www.atitudedesentupidora.com.br\/site\/#breadcrumb","itemListElement":[{"@type":"ListItem","position":1,"name":"In\u00edcio","item":"https:\/\/www.atitudedesentupidora.com.br\/site\/"},{"@type":"ListItem","position":2,"name":"Home"}]},{"@type":"WebSite","@id":"https:\/\/www.atitudedesentupidora.com.br\/site\/#website","url":"https:\/\/www.atitudedesentupidora.com.br\/site\/","name":"Atitude Desentupidora","description":"Desentupidora 24h","publisher":{"@id":"https:\/\/www.atitudedesentupidora.com.br\/site\/#organization"},"potentialAction":[{"@type":"SearchAction","target":{"@type":"EntryPoint","urlTemplate":"https:\/\/www.atitudedesentupidora.com.br\/site\/?s={search_term_string}"},"query-input":{"@type":"PropertyValueSpecification","valueRequired":true,"valueName":"search_term_string"}}],"inLanguage":"pt-BR"},{"@type":"Organization","@id":"https:\/\/www.atitudedesentupidora.com.br\/site\/#organization","name":"Desentupidora 24 horas","url":"https:\/\/www.atitudedesentupidora.com.br\/site\/","logo":{"@type":"ImageObject","inLanguage":"pt-BR","@id":"https:\/\/www.atitudedesentupidora.com.br\/site\/#\/schema\/logo\/image\/","url":"https:\/\/www.atitudedesentupidora.com.br\/site\/wp-content\/uploads\/2024\/02\/logo.png","contentUrl":"https:\/\/www.atitudedesentupidora.com.br\/site\/wp-content\/uploads\/2024\/02\/logo.png","width":358,"height":135,"caption":"Desentupidora 24 horas"},"image":{"@id":"https:\/\/www.atitudedesentupidora.com.br\/site\/#\/schema\/logo\/image\/"},"sameAs":["https:\/\/www.facebook.com\/atitudedesentupidora","https:\/\/www.instagram.com\/atitudedesentupidora"]}]}},"_links":{"self":[{"href":"https:\/\/www.atitudedesentupidora.com.br\/site\/wp-json\/wp\/v2\/pages\/8","targetHints":{"allow":["GET"]}}],"collection":[{"href":"https:\/\/www.atitudedesentupidora.com.br\/site\/wp-json\/wp\/v2\/pages"}],"about":[{"href":"https:\/\/www.atitudedesentupidora.com.br\/site\/wp-json\/wp\/v2\/types\/page"}],"author":[{"embeddable":true,"href":"https:\/\/www.atitudedesentupidora.com.br\/site\/wp-json\/wp\/v2\/users\/1"}],"replies":[{"embeddable":true,"href":"https:\/\/www.atitudedesentupidora.com.br\/site\/wp-json\/wp\/v2\/comments?post=8"}],"version-history":[{"count":14,"href":"https:\/\/www.atitudedesentupidora.com.br\/site\/wp-json\/wp\/v2\/pages\/8\/revisions"}],"predecessor-version":[{"id":274,"href":"https:\/\/www.atitudedesentupidora.com.br\/site\/wp-json\/wp\/v2\/pages\/8\/revisions\/274"}],"wp:attachment":[{"href":"https:\/\/www.atitudedesentupidora.com.br\/site\/wp-json\/wp\/v2\/media?parent=8"}],"curies":[{"name":"wp","href":"https:\/\/api.w.org\/{rel}","templated":true}]}}